site?
False
Is 764253613 composite?
False
Is 655841 prime?
False
Is 16532441 prime?
True
Is 473647 a prime number?
True
Is 1083593 a composite number?
True
Is 6149482 prime?
False
Is 112590703 composite?
True
Is 50717881 composite?
False
Is 70074245 composite?
True
Is 603389 a prime number?
True
Is 3370481 composite?
False
Is 31912993 composite?
True
Is 1725221 a composite number?
False
Is 49591793 a composite number?
False
Is 15999283 composite?
True
Is 13591271 a composite number?
True
Is 15727 a composite number?
False
Is 20047219 prime?
False
Is 518983027 composite?
False
Is 11688983 a prime number?
True
Is 2705663 composite?
False
Is 94699259 a composite number?
False
Is 87830234 a prime number?
False
Is 196064101 a composite number?
False
Is 31944371 composite?
True
Is 3875537 a prime number?
True
Is 328648331 a prime number?
False
Is 42873689 composite?
False
Is 27544591 a composite number?
False
Is 7221091 prime?
False
Is 911543 prime?
False
Is 110829113 composite?
False
Is 96344543 a prime number?
True
Is 14283407 prime?
True
Is 45370781 composite?
False
Is 1878649 a prime number?
False
Is 55469 composite?
False
Is 6375401 composite?
False
Is 323359 a prime number?
True
Is 870901 composite?
False
Is 7380991 composite?
True
Is 5246177 prime?
False
Is 49476221 a prime number?
True
Is 34775474 a composite number?
True
Is 2066387 a composite number?
True
Is 29976055 prime?
False
Is 222413299 a composite number?
False
Is 134301847 a prime number?
False
Is 1255357 prime?
True
Is 80274631 prime?
True
Is 66524957 a composite number?
True
Is 4408451 composite?
False
Is 1677631 a composite number?
False
Is 549267 prime?
False
Is 262409879 a composite number?
False
Is 17458849 prime?
True
Is 61596037 composite?
False
Is 1379681 a composite number?
False
Is 4552987 a prime number?
False
Is 2278387 composite?
True
Is 8513647 a prime number?
True
Is 760502 prime?
False
Is 557567 a composite number?
False
Is 4795547 a prime number?
False
Is 2780597 a composite number?
False
Is 38791661 prime?
True
Is 3123233 a prime number?
True
Is 602627171 composite?
False
Is 7643927 a prime number?
True
Is 9281441 a composite number?
True
Is 7985707 a prime number?
False
Is 93623191 a prime number?
True
Is 7376311 a prime number?
True
Is 3671069 prime?
True
Is 92459 composite?
False
Is 2391187 a prime number?
False
Is 1203419 a composite number?
True
Is 62443489 a prime number?
True
Is 960863 a composite number?
False
Is 21670573 a prime number?
False
Is 37815509 composite?
True
Is 144588167 a prime number?
True
Is 12985793 a prime number?
False
Is 1508141 a composite number?
False
Is 48349837 prime?
True
Is 7420681 a prime number?
True
Is 142037281 a prime number?
False
Is 186941193 a composite number?
True
Is 236707151 a prime number?
True
Is 98297921 a prime number?
True
Is 850849 a prime number?
True
Is 140271163 a composite number?
False
Is 3835127 composite?
True
Is 67914593 a composite number?
False
Is 42467561 composite?
False
Is 18423334 a prime number?
False
Is 67868317 a prime number?
False
Is 2120479 composite?
True
Is 40553729 a prime number?
False
Is 8056183 a composite number?
True
Is 1147127 a composite number?
False
Is 2395979 a prime number?
False
Is 65044799 a prime number?
True
Is 18399541 composite?
False
Is 6984469 a prime number?
False
Is 47243041 a prime number?
False
Is 685817 prime?
False
Is 28574911 a composite number?
True
Is 6088791 composite?
True
Is 165399497 composite?
False
Is 88681039 a composite number?
False
Is 537619217 composite?
False
Is 8298233 a composite number?
True
Is 16266641 a prime number?
False
Is 3653315 prime?
False
Is 32183287 a prime number?
True
Is 4491653 a prime number?
True
Is 171704543 composite?
True
Is 281487203 prime?
True
Is 5831303 a prime number?
True
Is 19176463 prime?
True
Is 35632371 a prime number?
False
Is 250643 a prime number?
True
Is 26648851 a prime number?
True
Is 58458571 a prime number?
False
Is 509359 a prime number?
True
Is 180533 a prime number?
True
Is 9399809 prime?
True
Is 38424511 a prime number?
False
Is 63364963 a composite number?
True
Is 70812961 composite?
True
Is 2610161 a composite number?
False
Is 371149 a composite number?
True
Is 97604839 prime?
False
Is 9689711 a prime number?
False
Is 650443 a composite number?
True
Is 166200941 a composite number?
False
Is 270953 composite?
False
Is 28075381 a prime number?
False
Is 859094 a composite number?
True
Is 845302861 composite?
True
Is 4234753 a composite number?
True
Is 25827449 prime?
True
Is 7894349 prime?
True
Is 38269139 a composite number?
True
Is 7068407 composite?
True
Is 28527497 prime?
True
Is 337663603 a composite number?
False
Is 86965189 composite?
True
Is 14174123 a prime number?
False
Is 8776181 composite?
False
Is 90138991 a prime number?
True
Is 23610989 a composite number?
False
Is 132094049 a composite number?
False
Is 2550473 prime?
False
Is 4418627 a prime number?
True
Is 483731 prime?
False
Is 115871281 composite?
True
Is 68949707 a prime number?
True
Is 314016503 a composite number?
True
Is 37702699 prime?
True
Is 34137937 prime?
True
Is 183191 prime?
True
Is 3830691 prime?
False
Is 147008891 a composite number?
True
Is 15617191 a composite number?
False
Is 7519709 a prime number?
False
Is 461807651 composite?
True
Is 28042723 composite?
True
Is 22537897 prime?
False
Is 205011347 a prime number?
False
Is 977719 prime?
True
Is 18419543 a prime number?
True
Is 48747851 prime?
False
Is 1017703 a prime number?
True
Is 477442009 composite?
True
Is 59715697 prime?
False
Is 4193017 prime?
False
Is 178203229 a prime number?
False
Is 7592887 a composite number?
True
Is 38095831 prime?
False
Is 12870141 a composite number?
True
Is 59128609 a composite number?
False
Is 729478 composite?
True
Is 1622813 composite?
False
Is 17468749 a composite number?
True
Is 42510329 prime?
False
Is 2015473 a prime number?
True
Is 403346137 prime?
True
Is 358013 composite?
True
Is 12458581 composite?
False
Is 12495151 a prime number?
True
Is 61069 composite?
True
Is 23474189 a composite number?
True
Is 124006021 composite?
False
Is 2007721 a composite number?
False
Is 12529393 composite?
True
Is 533306797 composite?
True
Is 144689887 a composite number?
True
Is 130073261 a composite number?
False
Is 230342507 prime?
True
Is 197947733 a composite number?
True
Is 126018839 a composite number?
False
Is 23440085 prime?
False
Is 94253569 a composite number?
False
Is 3026537 a composite number?
True
Is 3003323 composite?
False
Is 2788133 composite?
False
Is 19356191 prime?
True
Is 31348397 a composite number?
False
Is 188640079 a composite number?
True
Is 3439563 a composite number?
True
Is 284418493 composite?
False
Is 19514977 prime?
False
Is 247882403 a prime number?
True
Is 36786923 a prime number?
False
Is 8493617 a composite number?
True
Is 11835793 a composite number?
True
Is 26632507 prime?
False
Is 4938657 composite?
True
Is 4394879 a prime number?
True
Is 61433639 a prime number?
False
Is 3366821 a prime number?
True
Is 2710777 prime?
True
Is 80311787 prime?
False
Is 363637 composite?
True
Is 50503 a prime number?
True
Is 78477758 a prime number?
False
Is 5540323 prime?
False
Is 571561 a composite number?
True
Is 2473571 composite?
True
Is 27621127 a composite number?
True
Is 2836003 a prime number?
True
Is 1197631 composite?
False
Is 37840511 prime?
True
Is 97141101 composite?
True
Is 5448265 a composite number?
True
Is 96657179 prime?
False
Is 9520343 a prime number?
False
Is 1812199 a prime number?
True
Is 42176531 a composite number?
True
Is 45356449 composite?
True
Is 3253361 composite?
False
Is 47121443 a prime number?
False
Is 18630593 a prime number?
True
Is 3838771 composite?
False
Is 355879 a composite number?
True
Is 985505293 prime?
False
Is 317344397 a prime number?
False
Is 58192601 prime?
False
Is 1840393 a composite number?
False
Is 10092301 a composite number?
True
Is 5287427 composite?
False
Is 55987 composite?
False
Is 3161129 a composite number?
False
Is 292265159 composite?
False
Is 56082979 a prime number?
True
Is 8880485 composite?
True
Is 88580953 composite?
False
Is 15365089 a prime number?
False
Is 3561893 a prime number?
True
Is 3707287 a prime number?
True
Is 28099117 composite?
False
Is 1239574